Last updated on 2020-07-02 02:10:03 CEST.
Flavor | Version | Tinstall | Tcheck | Ttotal | Status | Flags |
---|---|---|---|---|---|---|
r-devel-linux-x86_64-debian-clang | 0.1.0.1 | 2.99 | 31.88 | 34.87 | OK | |
r-devel-linux-x86_64-debian-gcc | 0.1.0.1 | 2.14 | 24.99 | 27.13 | OK | |
r-devel-linux-x86_64-fedora-clang | 0.1.0.1 | 50.12 | NOTE | |||
r-devel-linux-x86_64-fedora-gcc | 0.1.0.1 | 43.80 | NOTE | |||
r-devel-windows-ix86+x86_64 | 0.1.0.1 | 16.00 | 60.00 | 76.00 | OK | |
r-patched-linux-x86_64 | 0.1.0.1 | 2.78 | 31.51 | 34.29 | OK | |
r-patched-solaris-x86 | 0.1.0.1 | 60.50 | NOTE | |||
r-release-linux-x86_64 | 0.1.0.1 | 2.44 | 31.38 | 33.82 | OK | |
r-release-osx-x86_64 | 0.1.0.1 | NOTE | ||||
r-release-windows-ix86+x86_64 | 0.1.0.1 | 9.00 | 46.00 | 55.00 | OK | |
r-oldrel-osx-x86_64 | 0.1.0.1 | NOTE | ||||
r-oldrel-windows-ix86+x86_64 | 0.1.0.1 | 28.00 | 61.00 | 89.00 | OK |
Version: 0.1.0.1
Check: dependencies in R code
Result: NOTE
Namespaces in Imports field not imported from:
‘stringi’ ‘utils’
All declared Imports should be used.
Flavors: r-devel-linux-x86_64-fedora-clang, r-devel-linux-x86_64-fedora-gcc, r-patched-solaris-x86, r-release-osx-x86_64, r-oldrel-osx-x86_64