CRAN Package Check Results for Package textreadr

Last updated on 2020-07-02 02:10:03 CEST.

Flavor Version Tinstall Tcheck Ttotal Status Flags
r-devel-linux-x86_64-debian-clang 1.0.2 3.82 36.94 40.76 OK
r-devel-linux-x86_64-debian-gcc 1.0.2 2.80 27.09 29.89 OK
r-devel-linux-x86_64-fedora-clang 1.0.2 55.81 OK
r-devel-linux-x86_64-fedora-gcc 1.0.2 46.04 OK
r-devel-windows-ix86+x86_64 1.0.2 17.00 48.00 65.00 OK
r-patched-linux-x86_64 1.0.2 3.42 34.51 37.93 OK
r-patched-solaris-x86 1.0.2 71.10 NOTE
r-release-linux-x86_64 1.0.2 3.24 34.66 37.90 OK
r-release-osx-x86_64 1.0.2 OK
r-release-windows-ix86+x86_64 1.0.2 11.00 48.00 59.00 OK
r-oldrel-osx-x86_64 1.0.2 OK
r-oldrel-windows-ix86+x86_64 1.0.2 19.00 64.00 83.00 OK

Check Details

Version: 1.0.2
Check: package dependencies
Result: NOTE
    Package suggested but not available for checking: ‘tesseract’
Flavor: r-patched-solaris-x86