CRAN Package Check Results for Package textreuse

Last updated on 2020-07-02 02:10:03 CEST.

Flavor Version Tinstall Tcheck Ttotal Status Flags
r-devel-linux-x86_64-debian-clang 0.1.5 42.41 56.48 98.89 OK
r-devel-linux-x86_64-debian-gcc 0.1.5 30.49 43.66 74.15 OK
r-devel-linux-x86_64-fedora-clang 0.1.5 138.86 NOTE
r-devel-linux-x86_64-fedora-gcc 0.1.5 124.49 OK
r-devel-windows-ix86+x86_64 0.1.5 124.00 109.00 233.00 NOTE
r-patched-linux-x86_64 0.1.5 33.64 54.24 87.88 OK
r-patched-solaris-x86 0.1.5 145.00 OK
r-release-linux-x86_64 0.1.5 32.77 55.01 87.78 OK
r-release-osx-x86_64 0.1.5 OK
r-release-windows-ix86+x86_64 0.1.5 90.00 101.00 191.00 NOTE
r-oldrel-osx-x86_64 0.1.5 OK
r-oldrel-windows-ix86+x86_64 0.1.5 92.00 134.00 226.00 OK

Check Details

Version: 0.1.5
Check: Rd cross-references
Result: NOTE
    Undeclared package ‘tm’ in Rd xrefs
Flavor: r-devel-linux-x86_64-fedora-clang

Version: 0.1.5
Check: installed package size
Result: NOTE
     installed size is 5.3Mb
     sub-directories of 1Mb or more:
     extdata 2.9Mb
     libs 2.1Mb
Flavors: r-devel-windows-ix86+x86_64, r-release-windows-ix86+x86_64