CRAN Package Check Results for Package tictoc

Last updated on 2020-07-02 02:10:03 CEST.

Flavor Version Tinstall Tcheck Ttotal Status Flags
r-devel-linux-x86_64-debian-clang 1.0 2.02 21.35 23.37 NOTE
r-devel-linux-x86_64-debian-gcc 1.0 1.62 17.29 18.91 NOTE
r-devel-linux-x86_64-fedora-clang 1.0 36.84 NOTE
r-devel-linux-x86_64-fedora-gcc 1.0 29.18 NOTE
r-devel-windows-ix86+x86_64 1.0 7.00 40.00 47.00 NOTE
r-patched-linux-x86_64 1.0 1.91 21.40 23.31 NOTE
r-patched-solaris-x86 1.0 43.20 NOTE
r-release-linux-x86_64 1.0 1.76 21.15 22.91 NOTE
r-release-osx-x86_64 1.0 NOTE
r-release-windows-ix86+x86_64 1.0 4.00 46.00 50.00 NOTE
r-oldrel-osx-x86_64 1.0 NOTE
r-oldrel-windows-ix86+x86_64 1.0 5.00 45.00 50.00 NOTE

Check Details

Version: 1.0
Check: DESCRIPTION meta-information
Result: NOTE
    Malformed Title field: should not end in a period.
Flavors: r-devel-linux-x86_64-debian-clang, r-devel-linux-x86_64-debian-gcc, r-devel-linux-x86_64-fedora-clang, r-devel-linux-x86_64-fedora-gcc, r-devel-windows-ix86+x86_64, r-patched-linux-x86_64, r-patched-solaris-x86, r-release-linux-x86_64, r-release-osx-x86_64, r-release-windows-ix86+x86_64, r-oldrel-osx-x86_64, r-oldrel-windows-ix86+x86_64