CRAN Package Check Results for Package tidyUSDA

Last updated on 2020-07-02 02:10:04 CEST.

Flavor Version Tinstall Tcheck Ttotal Status Flags
r-devel-linux-x86_64-debian-clang 0.2.7 2.83 36.61 39.44 OK
r-devel-linux-x86_64-debian-gcc 0.2.8 2.75 29.49 32.24 OK
r-devel-linux-x86_64-fedora-clang 0.2.8 58.64 NOTE
r-devel-linux-x86_64-fedora-gcc 0.2.8 56.29 NOTE
r-devel-windows-ix86+x86_64 0.2.7 16.00 78.00 94.00 OK
r-patched-linux-x86_64 0.2.8 3.44 36.24 39.68 OK
r-patched-solaris-x86 0.2.8 81.50 NOTE
r-release-linux-x86_64 0.2.7 3.47 36.69 40.16 OK
r-release-osx-x86_64 0.2.7 NOTE
r-release-windows-ix86+x86_64 0.2.7 10.00 59.00 69.00 OK
r-oldrel-osx-x86_64 0.2.8 NOTE
r-oldrel-windows-ix86+x86_64 0.2.7 23.00 101.00 124.00 OK

Check Details

Version: 0.2.8
Check: dependencies in R code
Result: NOTE
    Namespaces in Imports field not imported from:
     ‘curl’ ‘keyring’ ‘nlme’ ‘rgdal’ ‘stringi’ ‘usethis’
     All declared Imports should be used.
Flavors: r-devel-linux-x86_64-fedora-clang, r-devel-linux-x86_64-fedora-gcc, r-patched-solaris-x86, r-oldrel-osx-x86_64

Version: 0.2.7
Check: dependencies in R code
Result: NOTE
    Namespaces in Imports field not imported from:
     ‘curl’ ‘keyring’ ‘nlme’ ‘rgdal’ ‘stringi’ ‘usethis’
     All declared Imports should be used.
Flavor: r-release-osx-x86_64