Last updated on 2020-07-02 02:10:04 CEST.
Flavor | Version | Tinstall | Tcheck | Ttotal | Status | Flags |
---|---|---|---|---|---|---|
r-devel-linux-x86_64-debian-clang | 0.2-0 | 12.27 | 192.69 | 204.96 | OK | |
r-devel-linux-x86_64-debian-gcc | 0.2-0 | 10.89 | 155.79 | 166.68 | OK | |
r-devel-linux-x86_64-fedora-clang | 0.2-0 | 244.34 | NOTE | |||
r-devel-linux-x86_64-fedora-gcc | 0.2-0 | 243.88 | NOTE | |||
r-devel-windows-ix86+x86_64 | 0.2-0 | 35.00 | 202.00 | 237.00 | NOTE | |
r-patched-linux-x86_64 | 0.2-0 | 13.50 | 198.89 | 212.39 | OK | |
r-patched-solaris-x86 | 0.2-0 | 304.60 | NOTE | |||
r-release-linux-x86_64 | 0.2-0 | 12.07 | 185.66 | 197.73 | OK | |
r-release-osx-x86_64 | 0.2-0 | NOTE | ||||
r-release-windows-ix86+x86_64 | 0.2-0 | 20.00 | 203.00 | 223.00 | NOTE | |
r-oldrel-osx-x86_64 | 0.2-0 | NOTE | ||||
r-oldrel-windows-ix86+x86_64 | 0.2-0 | 32.00 | 276.00 | 308.00 | NOTE |
Version: 0.2-0
Check: installed package size
Result: NOTE
installed size is 5.7Mb
sub-directories of 1Mb or more:
data 4.7Mb
Flavors: r-devel-linux-x86_64-fedora-clang, r-devel-windows-ix86+x86_64, r-patched-solaris-x86, r-release-osx-x86_64, r-release-windows-ix86+x86_64, r-oldrel-osx-x86_64, r-oldrel-windows-ix86+x86_64
Version: 0.2-0
Check: data for non-ASCII characters
Result: NOTE
Note: found 1946 marked UTF-8 strings
Flavors: r-devel-linux-x86_64-fedora-clang, r-devel-linux-x86_64-fedora-gcc, r-patched-solaris-x86, r-release-osx-x86_64, r-oldrel-osx-x86_64