CRAN Package Check Results for Package trapezoid

Last updated on 2020-07-02 02:10:04 CEST.

Flavor Version Tinstall Tcheck Ttotal Status Flags
r-devel-linux-x86_64-debian-clang 2.0-0 2.65 28.08 30.73 NOTE
r-devel-linux-x86_64-debian-gcc 2.0-0 1.93 21.62 23.55 NOTE
r-devel-linux-x86_64-fedora-clang 2.0-0 45.28 NOTE
r-devel-linux-x86_64-fedora-gcc 2.0-0 39.05 NOTE
r-devel-windows-ix86+x86_64 2.0-0 14.00 53.00 67.00 NOTE
r-patched-linux-x86_64 2.0-0 2.60 27.30 29.90 NOTE
r-patched-solaris-x86 2.0-0 53.80 NOTE
r-release-linux-x86_64 2.0-0 2.45 27.49 29.94 NOTE
r-release-osx-x86_64 2.0-0 NOTE
r-release-windows-ix86+x86_64 2.0-0 7.00 56.00 63.00 NOTE
r-oldrel-osx-x86_64 2.0-0 NOTE
r-oldrel-windows-ix86+x86_64 2.0-0 7.00 79.00 86.00 NOTE

Check Details

Version: 2.0-0
Check: R code for possible problems
Result: NOTE
    rtrapezoid: no visible global function definition for 'runif'
    Undefined global functions or variables:
     runif
    Consider adding
     importFrom("stats", "runif")
    to your NAMESPACE file.
Flavors: r-devel-linux-x86_64-debian-clang, r-devel-linux-x86_64-debian-gcc, r-devel-linux-x86_64-fedora-clang, r-devel-linux-x86_64-fedora-gcc, r-devel-windows-ix86+x86_64, r-patched-linux-x86_64, r-patched-solaris-x86, r-release-linux-x86_64, r-release-osx-x86_64, r-release-windows-ix86+x86_64, r-oldrel-osx-x86_64, r-oldrel-windows-ix86+x86_64

Version: 2.0-0
Check: compiled code
Result: NOTE
    File ‘trapezoid/libs/trapezoid.so’:
     Found no calls to: ‘R_registerRoutines’, ‘R_useDynamicSymbols’
    
    It is good practice to register native routines and to disable symbol
    search.
    
    See ‘Writing portable packages’ in the ‘Writing R Extensions’ manual.
Flavors: r-devel-linux-x86_64-fedora-clang, r-devel-linux-x86_64-fedora-gcc