CRAN Package Check Results for Package tsmp

Last updated on 2020-07-02 02:10:04 CEST.

Flavor Version Tinstall Tcheck Ttotal Status Flags
r-devel-linux-x86_64-debian-clang 0.4.14 58.30 102.74 161.04 NOTE
r-devel-linux-x86_64-debian-gcc 0.4.14 43.99 77.40 121.39 NOTE
r-devel-linux-x86_64-fedora-clang 0.4.14 205.17 NOTE
r-devel-linux-x86_64-fedora-gcc 0.4.14 202.50 NOTE
r-devel-windows-ix86+x86_64 0.4.14 129.00 208.00 337.00 NOTE
r-patched-linux-x86_64 0.4.14 45.07 103.33 148.40 NOTE
r-patched-solaris-x86 0.4.14 215.90 NOTE
r-release-linux-x86_64 0.4.14 44.85 102.51 147.36 NOTE
r-release-osx-x86_64 0.4.14 NOTE
r-release-windows-ix86+x86_64 0.4.14 98.00 150.00 248.00 NOTE
r-oldrel-osx-x86_64 0.4.14 NOTE
r-oldrel-windows-ix86+x86_64 0.4.14 119.00 210.00 329.00 NOTE

Additional issues

clang-UBSAN

Check Details

Version: 0.4.14
Check: for GNU extensions in Makefiles
Result: NOTE
    GNU make is a SystemRequirements.
Flavors: r-devel-linux-x86_64-debian-clang, r-devel-linux-x86_64-debian-gcc, r-devel-linux-x86_64-fedora-clang, r-devel-linux-x86_64-fedora-gcc, r-devel-windows-ix86+x86_64, r-patched-linux-x86_64, r-patched-solaris-x86, r-release-linux-x86_64, r-release-osx-x86_64, r-release-windows-ix86+x86_64, r-oldrel-osx-x86_64, r-oldrel-windows-ix86+x86_64

Version: 0.4.14
Check: installed package size
Result: NOTE
     installed size is 8.8Mb
     sub-directories of 1Mb or more:
     data 4.6Mb
     libs 2.8Mb
Flavors: r-devel-linux-x86_64-fedora-clang, r-devel-windows-ix86+x86_64, r-patched-solaris-x86, r-release-osx-x86_64, r-release-windows-ix86+x86_64, r-oldrel-osx-x86_64, r-oldrel-windows-ix86+x86_64