CRAN Package Check Results for Package tspmeta

Last updated on 2020-07-02 02:10:04 CEST.

Flavor Version Tinstall Tcheck Ttotal Status Flags
r-devel-linux-x86_64-debian-clang 1.2 15.33 119.22 134.55 OK
r-devel-linux-x86_64-debian-gcc 1.2 12.66 89.81 102.47 OK
r-devel-linux-x86_64-fedora-clang 1.2 168.49 NOTE
r-devel-linux-x86_64-fedora-gcc 1.2 169.03 NOTE
r-devel-windows-ix86+x86_64 1.2 49.00 222.00 271.00 OK
r-patched-linux-x86_64 1.2 15.55 114.86 130.41 OK
r-patched-solaris-x86 1.2 233.60 OK
r-release-linux-x86_64 1.2 14.33 114.93 129.26 OK
r-release-osx-x86_64 1.2 OK
r-release-windows-ix86+x86_64 1.2 40.00 162.00 202.00 OK
r-oldrel-osx-x86_64 1.2 OK
r-oldrel-windows-ix86+x86_64 1.2 47.00 226.00 273.00 OK

Check Details

Version: 1.2
Check: compiled code
Result: NOTE
    File ‘tspmeta/libs/tspmeta.so’:
     Found no calls to: ‘R_registerRoutines’, ‘R_useDynamicSymbols’
    
    It is good practice to register native routines and to disable symbol
    search.
    
    See ‘Writing portable packages’ in the ‘Writing R Extensions’ manual.
Flavors: r-devel-linux-x86_64-fedora-clang, r-devel-linux-x86_64-fedora-gcc