CRAN Package Check Results for Package ttutils

Last updated on 2020-07-02 02:10:04 CEST.

Flavor Version Tinstall Tcheck Ttotal Status Flags
r-devel-linux-x86_64-debian-clang 1.0-1 1.75 18.39 20.14 NOTE
r-devel-linux-x86_64-debian-gcc 1.0-1 1.55 14.75 16.30 NOTE
r-devel-linux-x86_64-fedora-clang 1.0-1 33.65 NOTE
r-devel-linux-x86_64-fedora-gcc 1.0-1 25.01 NOTE
r-devel-windows-ix86+x86_64 1.0-1 6.00 32.00 38.00 NOTE
r-patched-linux-x86_64 1.0-1 1.93 18.61 20.54 NOTE
r-patched-solaris-x86 1.0-1 38.20 NOTE
r-release-linux-x86_64 1.0-1 1.75 18.75 20.50 NOTE
r-release-osx-x86_64 1.0-1 NOTE
r-release-windows-ix86+x86_64 1.0-1 4.00 39.00 43.00 NOTE
r-oldrel-osx-x86_64 1.0-1 NOTE
r-oldrel-windows-ix86+x86_64 1.0-1 5.00 44.00 49.00 NOTE

Check Details

Version: 1.0-1
Check: R code for possible problems
Result: NOTE
    .saveDevice: no visible global function definition for 'dev.off'
    Undefined global functions or variables:
     dev.off
    Consider adding
     importFrom("grDevices", "dev.off")
    to your NAMESPACE file.
Flavors: r-devel-linux-x86_64-debian-clang, r-devel-linux-x86_64-debian-gcc, r-devel-linux-x86_64-fedora-clang, r-devel-linux-x86_64-fedora-gcc, r-devel-windows-ix86+x86_64, r-patched-linux-x86_64, r-patched-solaris-x86, r-release-linux-x86_64, r-release-osx-x86_64, r-release-windows-ix86+x86_64, r-oldrel-osx-x86_64, r-oldrel-windows-ix86+x86_64