Last updated on 2020-07-02 02:10:04 CEST.
Flavor | Version | Tinstall | Tcheck | Ttotal | Status | Flags |
---|---|---|---|---|---|---|
r-devel-linux-x86_64-debian-clang | 0.2.0 | 5.46 | 37.28 | 42.74 | OK | |
r-devel-linux-x86_64-debian-gcc | 0.2.0 | 4.35 | 28.57 | 32.92 | OK | |
r-devel-linux-x86_64-fedora-clang | 0.2.0 | 60.95 | NOTE | |||
r-devel-linux-x86_64-fedora-gcc | 0.2.0 | 55.09 | NOTE | |||
r-devel-windows-ix86+x86_64 | 0.2.0 | 15.00 | 50.00 | 65.00 | OK | |
r-patched-linux-x86_64 | 0.2.0 | 5.85 | 35.58 | 41.43 | OK | |
r-patched-solaris-x86 | 0.2.0 | 82.10 | NOTE | |||
r-release-linux-x86_64 | 0.2.0 | 5.18 | 36.65 | 41.83 | OK | |
r-release-osx-x86_64 | 0.2.0 | NOTE | ||||
r-release-windows-ix86+x86_64 | 0.2.0 | 12.00 | 50.00 | 62.00 | OK | |
r-oldrel-osx-x86_64 | 0.2.0 | NOTE | ||||
r-oldrel-windows-ix86+x86_64 | 0.2.0 | 9.00 | 65.00 | 74.00 | OK |
Version: 0.2.0
Check: data for non-ASCII characters
Result: NOTE
Note: found 4494 marked UTF-8 strings
Flavors: r-devel-linux-x86_64-fedora-clang, r-devel-linux-x86_64-fedora-gcc, r-patched-solaris-x86, r-release-osx-x86_64, r-oldrel-osx-x86_64