Last updated on 2020-07-02 02:10:04 CEST.
Flavor | Version | Tinstall | Tcheck | Ttotal | Status | Flags |
---|---|---|---|---|---|---|
r-devel-linux-x86_64-debian-clang | 1.0.0 | 9.83 | 82.30 | 92.13 | OK | |
r-devel-linux-x86_64-debian-gcc | 1.0.0 | 8.94 | 62.23 | 71.17 | OK | |
r-devel-linux-x86_64-fedora-clang | 1.0.0 | 117.30 | NOTE | |||
r-devel-linux-x86_64-fedora-gcc | 1.0.0 | 115.43 | NOTE | |||
r-devel-windows-ix86+x86_64 | 1.0.0 | 41.00 | 94.00 | 135.00 | OK | |
r-patched-linux-x86_64 | 1.0.0 | 7.42 | 78.86 | 86.28 | OK | |
r-patched-solaris-x86 | 1.0.0 | 170.30 | NOTE | |||
r-release-linux-x86_64 | 1.0.0 | 7.99 | 78.98 | 86.97 | OK | |
r-release-osx-x86_64 | 1.0.0 | NOTE | ||||
r-release-windows-ix86+x86_64 | 1.0.0 | 24.00 | 93.00 | 117.00 | OK | |
r-oldrel-osx-x86_64 | 1.0.0 | NOTE | ||||
r-oldrel-windows-ix86+x86_64 | 1.0.0 | 35.00 | 132.00 | 167.00 | OK |
Version: 1.0.0
Check: dependencies in R code
Result: NOTE
Namespace in Imports field not imported from: ‘base’
All declared Imports should be used.
Flavors: r-devel-linux-x86_64-fedora-clang, r-devel-linux-x86_64-fedora-gcc, r-patched-solaris-x86, r-release-osx-x86_64, r-oldrel-osx-x86_64