Last updated on 2020-07-02 02:10:05 CEST.
Flavor | Version | Tinstall | Tcheck | Ttotal | Status | Flags |
---|---|---|---|---|---|---|
r-devel-linux-x86_64-debian-clang | 1.0.4 | 2.26 | 19.91 | 22.17 | NOTE | |
r-devel-linux-x86_64-debian-gcc | 1.0.4 | 1.91 | 15.92 | 17.83 | NOTE | |
r-devel-linux-x86_64-fedora-clang | 1.0.4 | 36.92 | NOTE | |||
r-devel-linux-x86_64-fedora-gcc | 1.0.4 | 28.17 | NOTE | |||
r-devel-windows-ix86+x86_64 | 1.0.4 | 9.00 | 33.00 | 42.00 | NOTE | |
r-patched-linux-x86_64 | 1.0.4 | 2.46 | 19.83 | 22.29 | NOTE | |
r-patched-solaris-x86 | 1.0.4 | 45.00 | NOTE | |||
r-release-linux-x86_64 | 1.0.4 | 2.70 | 19.82 | 22.52 | NOTE | |
r-release-osx-x86_64 | 1.0.4 | NOTE | ||||
r-release-windows-ix86+x86_64 | 1.0.4 | 5.00 | 36.00 | 41.00 | NOTE | |
r-oldrel-osx-x86_64 | 1.0.4 | NOTE | ||||
r-oldrel-windows-ix86+x86_64 | 1.0.4 | 5.00 | 48.00 | 53.00 | NOTE |
Version: 1.0.4
Check: package dependencies
Result: NOTE
Packages suggested but not available for checking: 'vaers', 'vaersND'
Flavors: r-devel-linux-x86_64-debian-clang, r-devel-linux-x86_64-debian-gcc, r-devel-linux-x86_64-fedora-clang, r-devel-linux-x86_64-fedora-gcc, r-devel-windows-ix86+x86_64, r-patched-linux-x86_64, r-patched-solaris-x86, r-release-linux-x86_64, r-release-osx-x86_64, r-release-windows-ix86+x86_64, r-oldrel-osx-x86_64, r-oldrel-windows-ix86+x86_64