Last updated on 2020-07-02 02:10:05 CEST.
Flavor | Version | Tinstall | Tcheck | Ttotal | Status | Flags |
---|---|---|---|---|---|---|
r-devel-linux-x86_64-debian-clang | 1.2.1 | 3.19 | 36.58 | 39.77 | NOTE | |
r-devel-linux-x86_64-debian-gcc | 1.2.1 | 2.96 | 27.25 | 30.21 | NOTE | |
r-devel-linux-x86_64-fedora-clang | 1.2.1 | 54.23 | NOTE | |||
r-devel-linux-x86_64-fedora-gcc | 1.2.1 | 48.00 | NOTE | |||
r-devel-windows-ix86+x86_64 | 1.2.1 | 8.00 | 49.00 | 57.00 | OK | |
r-patched-linux-x86_64 | 1.2.1 | 3.27 | 35.49 | 38.76 | NOTE | |
r-patched-solaris-x86 | 1.2.1 | 69.20 | NOTE | |||
r-release-linux-x86_64 | 1.2.1 | 3.26 | 35.56 | 38.82 | NOTE | |
r-release-osx-x86_64 | 1.2.1 | OK | ||||
r-release-windows-ix86+x86_64 | 1.2.1 | 6.00 | 47.00 | 53.00 | OK | |
r-oldrel-osx-x86_64 | 1.2.1 | OK | ||||
r-oldrel-windows-ix86+x86_64 | 1.2.1 | 5.00 | 62.00 | 67.00 | OK |
Version: 1.2.1
Check: for non-standard things in the check directory
Result: NOTE
Found the following files/directories:
'PredValidationPlots.pdf' 'RepStructValidationPlots.pdf'
Flavors: r-devel-linux-x86_64-debian-clang, r-devel-linux-x86_64-debian-gcc, r-devel-linux-x86_64-fedora-clang, r-devel-linux-x86_64-fedora-gcc, r-patched-linux-x86_64, r-patched-solaris-x86, r-release-linux-x86_64