CRAN Package Check Results for Package vapour

Last updated on 2020-07-02 02:10:05 CEST.

Flavor Version Tinstall Tcheck Ttotal Status Flags
r-devel-linux-x86_64-debian-clang 0.5.5 83.60 45.26 128.86 OK
r-devel-linux-x86_64-debian-gcc 0.5.5 57.18 35.19 92.37 OK
r-devel-linux-x86_64-fedora-clang 0.5.5 186.45 OK
r-devel-linux-x86_64-fedora-gcc 0.5.5 169.66 OK
r-devel-windows-ix86+x86_64 0.5.5 340.00 371.00 711.00 NOTE
r-patched-linux-x86_64 0.5.5 61.38 45.34 106.72 OK
r-patched-solaris-x86 0.5.5 156.40 OK
r-release-linux-x86_64 0.5.5 59.81 44.93 104.74 OK
r-release-osx-x86_64 0.5.5 NOTE
r-release-windows-ix86+x86_64 0.5.5 328.00 458.00 786.00 NOTE
r-oldrel-osx-x86_64 0.5.5 NOTE
r-oldrel-windows-ix86+x86_64 0.5.5 280.00 485.00 765.00 NOTE

Check Details

Version: 0.5.5
Check: installed package size
Result: NOTE
     installed size is 90.2Mb
     sub-directories of 1Mb or more:
     extdata 1.0Mb
     gdal 2.0Mb
     libs 80.6Mb
     proj 6.0Mb
Flavors: r-devel-windows-ix86+x86_64, r-release-osx-x86_64, r-release-windows-ix86+x86_64, r-oldrel-osx-x86_64, r-oldrel-windows-ix86+x86_64