Last updated on 2020-07-02 02:10:05 CEST.
Flavor | Version | Tinstall | Tcheck | Ttotal | Status | Flags |
---|---|---|---|---|---|---|
r-devel-linux-x86_64-debian-clang | 0.1.0 | 3.18 | 31.40 | 34.58 | OK | |
r-devel-linux-x86_64-debian-gcc | 0.1.0 | 2.48 | 24.06 | 26.54 | OK | |
r-devel-linux-x86_64-fedora-clang | 0.1.0 | 51.65 | NOTE | |||
r-devel-linux-x86_64-fedora-gcc | 0.1.0 | 43.43 | NOTE | |||
r-devel-windows-ix86+x86_64 | 0.1.0 | 18.00 | 40.00 | 58.00 | OK | |
r-patched-linux-x86_64 | 0.1.0 | 2.32 | 31.41 | 33.73 | OK | |
r-patched-solaris-x86 | 0.1.0 | 65.00 | NOTE | |||
r-release-linux-x86_64 | 0.1.0 | 2.48 | 30.44 | 32.92 | OK | |
r-release-osx-x86_64 | 0.1.0 | NOTE | ||||
r-release-windows-ix86+x86_64 | 0.1.0 | 9.00 | 46.00 | 55.00 | OK | |
r-oldrel-osx-x86_64 | 0.1.0 | NOTE | ||||
r-oldrel-windows-ix86+x86_64 | 0.1.0 | 16.00 | 54.00 | 70.00 | OK |
Version: 0.1.0
Check: dependencies in R code
Result: NOTE
Namespace in Imports field not imported from: ‘pander’
All declared Imports should be used.
Flavors: r-devel-linux-x86_64-fedora-clang, r-devel-linux-x86_64-fedora-gcc, r-patched-solaris-x86, r-release-osx-x86_64, r-oldrel-osx-x86_64