CRAN Package Check Results for Package vqtl

Last updated on 2020-07-02 02:10:05 CEST.

Flavor Version Tinstall Tcheck Ttotal Status Flags
r-devel-linux-x86_64-debian-clang 2.0.5 5.48 91.39 96.87 OK
r-devel-linux-x86_64-debian-gcc 2.0.5 4.95 68.88 73.83 OK
r-devel-linux-x86_64-fedora-clang 2.0.5 129.94 NOTE
r-devel-linux-x86_64-fedora-gcc 2.0.5 119.13 NOTE
r-devel-windows-ix86+x86_64 2.0.5 28.00 93.00 121.00 OK
r-patched-linux-x86_64 2.0.5 6.04 88.78 94.82 OK
r-patched-solaris-x86 2.0.5 151.10 NOTE
r-release-linux-x86_64 2.0.5 5.37 89.89 95.26 OK
r-release-osx-x86_64 2.0.5 NOTE
r-release-windows-ix86+x86_64 2.0.5 12.00 94.00 106.00 OK
r-oldrel-osx-x86_64 2.0.5 NOTE
r-oldrel-windows-ix86+x86_64 2.0.5 23.00 125.00 148.00 OK

Check Details

Version: 2.0.5
Check: dependencies in R code
Result: NOTE
    Namespaces in Imports field not imported from:
     ‘iterators’ ‘knitr’ ‘purrr’ ‘testthat’
     All declared Imports should be used.
Flavors: r-devel-linux-x86_64-fedora-clang, r-devel-linux-x86_64-fedora-gcc, r-patched-solaris-x86, r-release-osx-x86_64, r-oldrel-osx-x86_64