CRAN Package Check Results for Package waiter

Last updated on 2020-07-02 02:10:05 CEST.

Flavor Version Tinstall Tcheck Ttotal Status Flags
r-devel-linux-x86_64-debian-clang 0.1.0 7.82 32.49 40.31 OK
r-devel-linux-x86_64-debian-gcc 0.1.0 5.94 25.70 31.64 OK
r-devel-linux-x86_64-fedora-clang 0.1.0 59.24 NOTE
r-devel-linux-x86_64-fedora-gcc 0.1.0 50.24 NOTE
r-devel-windows-ix86+x86_64 0.1.0 26.00 46.00 72.00 OK
r-patched-linux-x86_64 0.1.0 7.32 32.31 39.63 OK
r-patched-solaris-x86 0.1.0 72.10 NOTE
r-release-linux-x86_64 0.1.0 8.00 31.93 39.93 OK
r-release-osx-x86_64 0.1.0 NOTE
r-release-windows-ix86+x86_64 0.1.0 14.00 47.00 61.00 OK
r-oldrel-osx-x86_64 0.1.0 NOTE
r-oldrel-windows-ix86+x86_64 0.1.0 36.00 62.00 98.00 OK

Check Details

Version: 0.1.0
Check: dependencies in R code
Result: NOTE
    Namespace in Imports field not imported from: ‘R6’
     All declared Imports should be used.
Flavors: r-devel-linux-x86_64-fedora-clang, r-devel-linux-x86_64-fedora-gcc, r-patched-solaris-x86, r-release-osx-x86_64, r-oldrel-osx-x86_64