Last updated on 2020-07-02 02:10:05 CEST.
Flavor | Version | Tinstall | Tcheck | Ttotal | Status | Flags |
---|---|---|---|---|---|---|
r-devel-linux-x86_64-debian-clang | 0.9.5.3 | 10.06 | 134.59 | 144.65 | OK | |
r-devel-linux-x86_64-debian-gcc | 0.9.5.3 | 7.69 | 97.23 | 104.92 | OK | |
r-devel-linux-x86_64-fedora-clang | 0.9.5.3 | 180.86 | NOTE | |||
r-devel-linux-x86_64-fedora-gcc | 0.9.5.3 | 164.95 | NOTE | |||
r-devel-windows-ix86+x86_64 | 0.9.5.3 | 23.00 | 260.00 | 283.00 | OK | |
r-patched-linux-x86_64 | 0.9.5.3 | 7.92 | 129.77 | 137.69 | OK | |
r-patched-solaris-x86 | 0.9.5.3 | 190.60 | OK | |||
r-release-linux-x86_64 | 0.9.5.3 | 9.19 | 130.10 | 139.29 | OK | |
r-release-osx-x86_64 | 0.9.5.3 | OK | ||||
r-release-windows-ix86+x86_64 | 0.9.5.3 | 30.00 | 206.00 | 236.00 | OK | |
r-oldrel-osx-x86_64 | 0.9.5.3 | OK | ||||
r-oldrel-windows-ix86+x86_64 | 0.9.5.3 | 29.00 | 263.00 | 292.00 | OK |
Version: 0.9.5.3
Check: compiled code
Result: NOTE
File ‘weightedScores/libs/weightedScores.so’:
Found no calls to: ‘R_registerRoutines’, ‘R_useDynamicSymbols’
It is good practice to register native routines and to disable symbol
search.
See ‘Writing portable packages’ in the ‘Writing R Extensions’ manual.
Flavors: r-devel-linux-x86_64-fedora-clang, r-devel-linux-x86_64-fedora-gcc