Last updated on 2020-07-02 02:10:05 CEST.
Flavor | Version | Tinstall | Tcheck | Ttotal | Status | Flags |
---|---|---|---|---|---|---|
r-devel-linux-x86_64-debian-clang | 1.0.1 | 3.20 | 19.60 | 22.80 | OK | |
r-devel-linux-x86_64-debian-gcc | 1.0.1 | 2.30 | 15.65 | 17.95 | OK | |
r-devel-linux-x86_64-fedora-clang | 1.0.1 | 36.31 | NOTE | |||
r-devel-linux-x86_64-fedora-gcc | 1.0.1 | 26.33 | NOTE | |||
r-devel-windows-ix86+x86_64 | 1.0.1 | 24.00 | 52.00 | 76.00 | NOTE | |
r-patched-linux-x86_64 | 1.0.1 | 3.15 | 19.20 | 22.35 | OK | |
r-patched-solaris-x86 | 1.0.1 | 41.60 | NOTE | |||
r-release-linux-x86_64 | 1.0.1 | 2.59 | 19.35 | 21.94 | OK | |
r-release-osx-x86_64 | 1.0.1 | NOTE | ||||
r-release-windows-ix86+x86_64 | 1.0.1 | 11.00 | 35.00 | 46.00 | NOTE | |
r-oldrel-osx-x86_64 | 1.0.1 | NOTE | ||||
r-oldrel-windows-ix86+x86_64 | 1.0.1 | 14.00 | 42.00 | 56.00 | NOTE |
Version: 1.0.1
Check: package dependencies
Result: NOTE
Imports includes 22 non-default packages.
Importing from so many packages makes the package vulnerable to any of
them becoming unavailable. Move as many as possible to Suggests and
use conditionally.
Flavor: r-devel-linux-x86_64-fedora-clang
Version: 1.0.1
Check: installed package size
Result: NOTE
installed size is 7.2Mb
sub-directories of 1Mb or more:
bn 7.1Mb
Flavors: r-devel-linux-x86_64-fedora-clang, r-devel-windows-ix86+x86_64, r-patched-solaris-x86, r-release-osx-x86_64, r-release-windows-ix86+x86_64, r-oldrel-osx-x86_64, r-oldrel-windows-ix86+x86_64
Version: 1.0.1
Check: dependencies in R code
Result: NOTE
Namespaces in Imports field not imported from:
‘DT’ ‘DescTools’ ‘HydeNet’ ‘RBGL’ ‘Rgraphviz’ ‘arules’ ‘bnlearn’
‘dplyr’ ‘graph’ ‘igraph’ ‘linkcomm’ ‘missRanger’ ‘parallel’ ‘psych’
‘rhandsontable’ ‘rintrojs’ ‘shinyBS’ ‘shinyWidgets’ ‘shinyalert’
‘shinycssloaders’ ‘shinydashboard’ ‘tools’ ‘visNetwork’
All declared Imports should be used.
Flavors: r-devel-linux-x86_64-fedora-clang, r-devel-linux-x86_64-fedora-gcc, r-patched-solaris-x86, r-release-osx-x86_64, r-oldrel-osx-x86_64