Last updated on 2020-07-02 02:10:05 CEST.
Flavor | Version | Tinstall | Tcheck | Ttotal | Status | Flags |
---|---|---|---|---|---|---|
r-devel-linux-x86_64-debian-clang | 2.6 | 20.70 | 30.98 | 51.68 | OK | |
r-devel-linux-x86_64-debian-gcc | 2.6 | 15.45 | 23.92 | 39.37 | OK | |
r-devel-linux-x86_64-fedora-clang | 2.6 | 77.58 | NOTE | |||
r-devel-linux-x86_64-fedora-gcc | 2.6 | 62.83 | NOTE | |||
r-devel-windows-ix86+x86_64 | 2.6 | 59.00 | 68.00 | 127.00 | OK | |
r-patched-linux-x86_64 | 2.6 | 14.17 | 30.42 | 44.59 | OK | |
r-patched-solaris-x86 | 2.6 | 76.80 | NOTE | |||
r-release-linux-x86_64 | 2.6 | 14.29 | 30.69 | 44.98 | OK | |
r-release-osx-x86_64 | 2.6 | NOTE | ||||
r-release-windows-ix86+x86_64 | 2.6 | 48.00 | 69.00 | 117.00 | OK | |
r-oldrel-osx-x86_64 | 2.6 | NOTE | ||||
r-oldrel-windows-ix86+x86_64 | 2.6 | 44.00 | 90.00 | 134.00 | OK |
Version: 2.6
Check: data for non-ASCII characters
Result: NOTE
Note: found 2 marked UTF-8 strings
Flavors: r-devel-linux-x86_64-fedora-clang, r-devel-linux-x86_64-fedora-gcc, r-patched-solaris-x86, r-release-osx-x86_64, r-oldrel-osx-x86_64