Last updated on 2020-07-02 02:10:05 CEST.
Flavor | Version | Tinstall | Tcheck | Ttotal | Status | Flags |
---|---|---|---|---|---|---|
r-devel-linux-x86_64-debian-gcc | 0.1.0 | 2.42 | 22.07 | 24.49 | OK | |
r-devel-linux-x86_64-fedora-clang | 0.1.0 | 47.09 | NOTE | |||
r-devel-linux-x86_64-fedora-gcc | 0.1.0 | 37.78 | NOTE | |||
r-patched-solaris-x86 | 0.1.0 | 55.10 | NOTE |
Version: 0.1.0
Check: data for non-ASCII characters
Result: NOTE
Note: found 6738 marked UTF-8 strings
Flavors: r-devel-linux-x86_64-fedora-clang, r-devel-linux-x86_64-fedora-gcc, r-patched-solaris-x86