Last updated on 2020-08-19 01:49:51 CEST.
Flavor | Version | Tinstall | Tcheck | Ttotal | Status | Flags |
---|---|---|---|---|---|---|
r-devel-linux-x86_64-debian-clang | 0.3.2 | 68.45 | 64.60 | 133.05 | OK | |
r-devel-linux-x86_64-debian-gcc | 0.3.2 | 57.78 | 50.61 | 108.39 | OK | |
r-devel-linux-x86_64-fedora-clang | 0.3.2 | 195.16 | NOTE | |||
r-devel-linux-x86_64-fedora-gcc | 0.3.2 | 189.74 | OK | |||
r-devel-windows-ix86+x86_64 | 0.3.2 | 169.00 | 152.00 | 321.00 | OK | |
r-patched-linux-x86_64 | 0.3.2 | 65.56 | 64.15 | 129.71 | OK | |
r-patched-solaris-x86 | 0.3.2 | 190.80 | OK | |||
r-release-linux-x86_64 | 0.3.2 | 63.39 | 64.21 | 127.60 | OK | |
r-release-macos-x86_64 | 0.3.2 | NOTE | ||||
r-release-windows-ix86+x86_64 | 0.3.2 | 169.00 | 113.00 | 282.00 | OK | |
r-oldrel-macos-x86_64 | 0.3.2 | NOTE | ||||
r-oldrel-windows-ix86+x86_64 | 0.3.2 | 127.00 | 134.00 | 261.00 | OK |
Version: 0.3.2
Check: installed package size
Result: NOTE
installed size is 6.8Mb
sub-directories of 1Mb or more:
libs 6.6Mb
Flavors: r-devel-linux-x86_64-fedora-clang, r-release-macos-x86_64, r-oldrel-macos-x86_64