CRAN Package Check Results for Package AMModels

Last updated on 2020-08-19 01:49:51 CEST.

Flavor Version Tinstall Tcheck Ttotal Status Flags
r-devel-linux-x86_64-debian-clang 0.1.4 15.51 101.07 116.58 OK
r-devel-linux-x86_64-debian-gcc 0.1.4 13.83 77.03 90.86 OK
r-devel-linux-x86_64-fedora-clang 0.1.4 152.30 OK
r-devel-linux-x86_64-fedora-gcc 0.1.4 142.74 OK
r-devel-windows-ix86+x86_64 0.1.4 35.00 144.00 179.00 OK
r-patched-linux-x86_64 0.1.4 15.17 99.08 114.25 OK
r-patched-solaris-x86 0.1.4 196.90 OK
r-release-linux-x86_64 0.1.4 16.64 98.81 115.45 OK
r-release-macos-x86_64 0.1.4 NOTE
r-release-windows-ix86+x86_64 0.1.4 37.00 103.00 140.00 OK
r-oldrel-macos-x86_64 0.1.4 OK
r-oldrel-windows-ix86+x86_64 0.1.4 24.00 134.00 158.00 OK

Check Details

Version: 0.1.4
Check: package dependencies
Result: NOTE
    Package suggested but not available for checking: ‘AICcmodavg’
Flavor: r-release-macos-x86_64