Last updated on 2020-08-19 01:49:52 CEST.
Flavor | Version | Tinstall | Tcheck | Ttotal | Status | Flags |
---|---|---|---|---|---|---|
r-devel-linux-x86_64-debian-clang | 0.1.0 | 2.26 | 17.98 | 20.24 | OK | |
r-devel-linux-x86_64-debian-gcc | 0.1.0 | 1.74 | 14.28 | 16.02 | OK | |
r-devel-linux-x86_64-fedora-clang | 0.1.0 | 33.99 | NOTE | |||
r-devel-linux-x86_64-fedora-gcc | 0.1.0 | 24.51 | NOTE | |||
r-devel-windows-ix86+x86_64 | 0.1.0 | 13.00 | 43.00 | 56.00 | OK | |
r-patched-linux-x86_64 | 0.1.0 | 2.06 | 17.92 | 19.98 | OK | |
r-patched-solaris-x86 | 0.1.0 | 39.20 | NOTE | |||
r-release-linux-x86_64 | 0.1.0 | 1.98 | 17.73 | 19.71 | OK | |
r-release-macos-x86_64 | 0.1.0 | NOTE | ||||
r-release-windows-ix86+x86_64 | 0.1.0 | 12.00 | 32.00 | 44.00 | OK | |
r-oldrel-macos-x86_64 | 0.1.0 | NOTE | ||||
r-oldrel-windows-ix86+x86_64 | 0.1.0 | 6.00 | 29.00 | 35.00 | OK |
Version: 0.1.0
Check: dependencies in R code
Result: NOTE
Namespaces in Imports field not imported from:
‘arules’ ‘arulesViz’ ‘dplyr’ ‘methods’ ‘plotly’ ‘shiny’ ‘shinyMatrix’
All declared Imports should be used.
Flavors: r-devel-linux-x86_64-fedora-clang, r-devel-linux-x86_64-fedora-gcc, r-patched-solaris-x86, r-release-macos-x86_64, r-oldrel-macos-x86_64