CRAN Package Check Results for Package AdhereR

Last updated on 2020-08-19 01:49:51 CEST.

Flavor Version Tinstall Tcheck Ttotal Status Flags
r-devel-linux-x86_64-debian-clang 0.6.1 17.72 93.46 111.18 OK
r-devel-linux-x86_64-debian-gcc 0.6.1 13.91 68.85 82.76 OK
r-devel-linux-x86_64-fedora-clang 0.6.1 141.06 OK
r-devel-linux-x86_64-fedora-gcc 0.6.1 137.17 OK
r-devel-windows-ix86+x86_64 0.6.1 33.00 126.00 159.00 OK
r-patched-linux-x86_64 0.6.1 17.10 91.10 108.20 OK
r-patched-solaris-x86 0.6.1 153.70 NOTE
r-release-linux-x86_64 0.6.1 16.94 90.59 107.53 OK
r-release-macos-x86_64 0.6.1 OK
r-release-windows-ix86+x86_64 0.6.1 33.00 94.00 127.00 OK
r-oldrel-macos-x86_64 0.6.1 NOTE
r-oldrel-windows-ix86+x86_64 0.6.1 22.00 94.00 116.00 OK

Check Details

Version: 0.6.1
Check: package dependencies
Result: NOTE
    Packages suggested but not available for checking: 'rsvg', 'AdhereRViz'
Flavor: r-patched-solaris-x86

Version: 0.6.1
Check: installed package size
Result: NOTE
     installed size is 5.5Mb
     sub-directories of 1Mb or more:
     doc 3.2Mb
Flavor: r-patched-solaris-x86

Version: 0.6.1
Check: package dependencies
Result: NOTE
    Package suggested but not available for checking: ‘AdhereRViz’
Flavor: r-oldrel-macos-x86_64