CRAN Package Check Results for Package AzureKusto

Last updated on 2020-08-19 01:49:52 CEST.

Flavor Version Tinstall Tcheck Ttotal Status Flags
r-devel-linux-x86_64-debian-clang 1.0.6 10.01 58.76 68.77 OK
r-devel-linux-x86_64-debian-gcc 1.0.6 8.51 44.47 52.98 OK
r-devel-linux-x86_64-fedora-clang 1.0.6 90.91 NOTE
r-devel-linux-x86_64-fedora-gcc 1.0.6 84.77 NOTE
r-devel-windows-ix86+x86_64 1.0.6 33.00 98.00 131.00 OK
r-patched-linux-x86_64 1.0.6 10.82 56.72 67.54 OK
r-patched-solaris-x86 1.0.6 114.30 NOTE
r-release-linux-x86_64 1.0.6 10.51 57.42 67.93 OK
r-release-macos-x86_64 1.0.6 NOTE
r-release-windows-ix86+x86_64 1.0.6 31.00 82.00 113.00 OK
r-oldrel-macos-x86_64 1.0.6 NOTE
r-oldrel-windows-ix86+x86_64 1.0.6 17.00 91.00 108.00 OK

Check Details

Version: 1.0.6
Check: dependencies in R code
Result: NOTE
    Namespace in Imports field not imported from: ‘tibble’
     All declared Imports should be used.
Flavors: r-devel-linux-x86_64-fedora-clang, r-devel-linux-x86_64-fedora-gcc, r-patched-solaris-x86, r-release-macos-x86_64, r-oldrel-macos-x86_64