Last updated on 2020-08-19 01:49:52 CEST.
Flavor | Version | Tinstall | Tcheck | Ttotal | Status | Flags |
---|---|---|---|---|---|---|
r-devel-linux-x86_64-debian-clang | 1.0.0-3 | 34.49 | 64.20 | 98.69 | OK | |
r-devel-linux-x86_64-debian-gcc | 1.0.0-3 | 23.63 | 49.71 | 73.34 | OK | |
r-devel-linux-x86_64-fedora-clang | 1.0.0-3 | 135.15 | NOTE | |||
r-devel-linux-x86_64-fedora-gcc | 1.0.0-3 | 117.15 | NOTE | |||
r-devel-windows-ix86+x86_64 | 1.0.0-3 | 22.00 | 7.00 | 29.00 | ERROR | |
r-patched-linux-x86_64 | 1.0.0-3 | 27.54 | 64.26 | 91.80 | OK | |
r-patched-solaris-x86 | 1.0.0-3 | 151.40 | OK | |||
r-release-linux-x86_64 | 1.0.0-3 | 25.94 | 64.17 | 90.11 | OK | |
r-release-macos-x86_64 | 1.0.0-3 | OK | ||||
r-release-windows-ix86+x86_64 | 1.0.0-3 | 28.00 | 5.00 | 33.00 | ERROR | |
r-oldrel-macos-x86_64 | 1.0.0-3 | OK | ||||
r-oldrel-windows-ix86+x86_64 | 1.0.0-3 | 51.00 | 123.00 | 174.00 | OK |
Version: 1.0.0-3
Check: compiled code
Result: NOTE
File ‘BALD/libs/BALD.so’:
Found no calls to: ‘R_registerRoutines’, ‘R_useDynamicSymbols’
It is good practice to register native routines and to disable symbol
search.
See ‘Writing portable packages’ in the ‘Writing R Extensions’ manual.
Flavors: r-devel-linux-x86_64-fedora-clang, r-devel-linux-x86_64-fedora-gcc
Version: 1.0.0-3
Check: whether package can be installed
Result: ERROR
Installation failed.
Flavors: r-devel-windows-ix86+x86_64, r-release-windows-ix86+x86_64