Last updated on 2020-08-19 01:49:53 CEST.
Flavor | Version | Tinstall | Tcheck | Ttotal | Status | Flags |
---|---|---|---|---|---|---|
r-devel-linux-x86_64-debian-clang | 2.0.2 | 84.02 | 223.71 | 307.73 | OK | |
r-devel-linux-x86_64-debian-gcc | 2.0.2 | 61.98 | 167.73 | 229.71 | OK | |
r-devel-linux-x86_64-fedora-clang | 2.0.2 | 407.54 | NOTE | |||
r-devel-linux-x86_64-fedora-gcc | 2.0.2 | 387.17 | OK | |||
r-devel-windows-ix86+x86_64 | 2.0.2 | 178.00 | 410.00 | 588.00 | NOTE | |
r-patched-linux-x86_64 | 2.0.2 | 66.78 | 216.18 | 282.96 | OK | |
r-patched-solaris-x86 | 2.0.2 | 472.40 | NOTE | |||
r-release-linux-x86_64 | 2.0.2 | 68.34 | 215.11 | 283.45 | OK | |
r-release-macos-x86_64 | 2.0.2 | NOTE | ||||
r-release-windows-ix86+x86_64 | 2.0.2 | 168.00 | 297.00 | 465.00 | NOTE | |
r-oldrel-macos-x86_64 | 2.0.2 | NOTE | ||||
r-oldrel-windows-ix86+x86_64 | 2.0.2 | 119.00 | 325.00 | 444.00 | NOTE |
Version: 2.0.2
Check: installed package size
Result: NOTE
installed size is 11.4Mb
sub-directories of 1Mb or more:
doc 3.3Mb
help 1.1Mb
libs 6.3Mb
Flavors: r-devel-linux-x86_64-fedora-clang, r-devel-windows-ix86+x86_64, r-patched-solaris-x86, r-release-macos-x86_64, r-release-windows-ix86+x86_64, r-oldrel-macos-x86_64, r-oldrel-windows-ix86+x86_64