Last updated on 2020-08-19 01:49:53 CEST.
Flavor | Version | Tinstall | Tcheck | Ttotal | Status | Flags |
---|---|---|---|---|---|---|
r-devel-linux-x86_64-debian-clang | 0.1 | 15.93 | 681.34 | 697.27 | OK | |
r-devel-linux-x86_64-debian-gcc | 0.1 | 13.91 | 501.80 | 515.71 | OK | |
r-devel-linux-x86_64-fedora-clang | 0.1 | 786.80 | NOTE | |||
r-devel-linux-x86_64-fedora-gcc | 0.1 | 844.34 | NOTE | |||
r-devel-windows-ix86+x86_64 | 0.1 | 52.00 | 841.00 | 893.00 | OK | |
r-patched-linux-x86_64 | 0.1 | 15.11 | 655.15 | 670.26 | OK | |
r-patched-solaris-x86 | 0.1 | 1003.90 | NOTE | |||
r-release-linux-x86_64 | 0.1 | 14.83 | 662.34 | 677.17 | OK | |
r-release-macos-x86_64 | 0.1 | NOTE | ||||
r-release-windows-ix86+x86_64 | 0.1 | 38.00 | 693.00 | 731.00 | OK | |
r-oldrel-macos-x86_64 | 0.1 | NOTE | ||||
r-oldrel-windows-ix86+x86_64 | 0.1 | 30.00 | 633.00 | 663.00 | OK |
Version: 0.1
Check: dependencies in R code
Result: NOTE
Namespaces in Imports field not imported from:
‘esquisse’ ‘rgdal’
All declared Imports should be used.
Flavors: r-devel-linux-x86_64-fedora-clang, r-devel-linux-x86_64-fedora-gcc, r-patched-solaris-x86, r-release-macos-x86_64, r-oldrel-macos-x86_64
Version: 0.1
Check: data for non-ASCII characters
Result: NOTE
Note: found 27976 marked UTF-8 strings
Flavors: r-devel-linux-x86_64-fedora-clang, r-devel-linux-x86_64-fedora-gcc, r-patched-solaris-x86, r-release-macos-x86_64, r-oldrel-macos-x86_64