Last updated on 2020-08-19 01:49:52 CEST.
Flavor | Version | Tinstall | Tcheck | Ttotal | Status | Flags |
---|---|---|---|---|---|---|
r-devel-linux-x86_64-debian-clang | 1.5.5 | 21.12 | 180.67 | 201.79 | NOTE | |
r-devel-linux-x86_64-debian-gcc | 1.5.5 | 13.82 | 134.71 | 148.53 | NOTE | |
r-devel-linux-x86_64-fedora-clang | 1.5.5 | 253.96 | NOTE | |||
r-devel-linux-x86_64-fedora-gcc | 1.5.5 | 232.63 | NOTE | |||
r-devel-windows-ix86+x86_64 | 1.5.5 | 74.00 | 264.00 | 338.00 | NOTE | |
r-patched-linux-x86_64 | 1.5.5 | 18.42 | 172.22 | 190.64 | NOTE | |
r-patched-solaris-x86 | 1.5.5 | 340.10 | NOTE | |||
r-release-linux-x86_64 | 1.5.5 | 17.51 | 171.15 | 188.66 | NOTE | |
r-release-macos-x86_64 | 1.5.5 | NOTE | ||||
r-release-windows-ix86+x86_64 | 1.5.5 | 56.00 | 166.00 | 222.00 | NOTE | |
r-oldrel-macos-x86_64 | 1.5.5 | NOTE | ||||
r-oldrel-windows-ix86+x86_64 | 1.5.5 | 44.00 | 230.00 | 274.00 | NOTE |
Version: 1.5.5
Check: package dependencies
Result: NOTE
Package suggested but not available for checking: 'cyjShiny'
Flavors: r-devel-linux-x86_64-debian-clang, r-devel-linux-x86_64-debian-gcc, r-devel-linux-x86_64-fedora-clang, r-devel-linux-x86_64-fedora-gcc, r-devel-windows-ix86+x86_64, r-patched-linux-x86_64, r-patched-solaris-x86, r-release-linux-x86_64, r-release-macos-x86_64, r-release-windows-ix86+x86_64, r-oldrel-macos-x86_64, r-oldrel-windows-ix86+x86_64