Last updated on 2020-08-19 01:49:53 CEST.
Flavor | Version | Tinstall | Tcheck | Ttotal | Status | Flags |
---|---|---|---|---|---|---|
r-devel-linux-x86_64-debian-clang | 1.0.9 | 102.97 | 86.17 | 189.14 | OK | |
r-devel-linux-x86_64-debian-gcc | 1.0.9 | 89.63 | 72.36 | 161.99 | OK | |
r-devel-linux-x86_64-fedora-clang | 1.0.9 | 254.40 | NOTE | |||
r-devel-linux-x86_64-fedora-gcc | 1.0.9 | 253.27 | OK | |||
r-devel-windows-ix86+x86_64 | 1.0.9 | 210.00 | 198.00 | 408.00 | OK | |
r-patched-linux-x86_64 | 1.0.9 | 90.09 | 90.07 | 180.16 | OK | |
r-patched-solaris-x86 | 1.0.9 | 252.00 | OK | |||
r-release-linux-x86_64 | 1.0.9 | 93.99 | 89.23 | 183.22 | OK | |
r-release-macos-x86_64 | 1.0.9 | NOTE | ||||
r-release-windows-ix86+x86_64 | 1.0.9 | 213.00 | 148.00 | 361.00 | OK | |
r-oldrel-macos-x86_64 | 1.0.9 | NOTE | ||||
r-oldrel-windows-ix86+x86_64 | 1.0.9 | 150.00 | 170.00 | 320.00 | OK |
Version: 1.0.9
Check: installed package size
Result: NOTE
installed size is 28.1Mb
sub-directories of 1Mb or more:
libs 27.0Mb
Flavors: r-devel-linux-x86_64-fedora-clang, r-release-macos-x86_64, r-oldrel-macos-x86_64