CRAN Package Check Results for Package BiasedUrn

Last updated on 2020-08-19 01:49:53 CEST.

Flavor Version Tinstall Tcheck Ttotal Status Flags
r-devel-linux-x86_64-debian-clang 1.07 8.17 23.44 31.61 OK
r-devel-linux-x86_64-debian-gcc 1.07 6.26 18.72 24.98 OK
r-devel-linux-x86_64-fedora-clang 1.07 49.09 NOTE
r-devel-linux-x86_64-fedora-gcc 1.07 39.52 NOTE
r-devel-windows-ix86+x86_64 1.07 28.00 52.00 80.00 OK
r-patched-linux-x86_64 1.07 6.59 23.44 30.03 OK
r-patched-solaris-x86 1.07 60.90 OK
r-release-linux-x86_64 1.07 6.72 23.43 30.15 OK
r-release-macos-x86_64 1.07 OK
r-release-windows-ix86+x86_64 1.07 20.00 37.00 57.00 OK
r-oldrel-macos-x86_64 1.07 OK
r-oldrel-windows-ix86+x86_64 1.07 21.00 55.00 76.00 OK

Check Details

Version: 1.07
Check: compiled code
Result: NOTE
    File ‘BiasedUrn/libs/BiasedUrn.so’:
     Found no calls to: ‘R_registerRoutines’, ‘R_useDynamicSymbols’
    
    It is good practice to register native routines and to disable symbol
    search.
    
    See ‘Writing portable packages’ in the ‘Writing R Extensions’ manual.
Flavors: r-devel-linux-x86_64-fedora-clang, r-devel-linux-x86_64-fedora-gcc