Last updated on 2020-08-19 01:49:53 CEST.
Flavor | Version | Tinstall | Tcheck | Ttotal | Status | Flags |
---|---|---|---|---|---|---|
r-devel-linux-x86_64-debian-clang | 0.1-6 | 55.74 | 627.58 | 683.32 | OK | |
r-devel-linux-x86_64-debian-gcc | 0.1-6 | 43.63 | 466.42 | 510.05 | OK | |
r-devel-linux-x86_64-fedora-clang | 0.1-6 | 811.91 | OK | |||
r-devel-linux-x86_64-fedora-gcc | 0.1-6 | 805.96 | OK | |||
r-devel-windows-ix86+x86_64 | 0.1-6 | 128.00 | 919.00 | 1047.00 | OK | |
r-patched-linux-x86_64 | 0.1-6 | 41.18 | 612.09 | 653.27 | OK | |
r-patched-solaris-x86 | 0.1-6 | 1079.10 | OK | |||
r-release-linux-x86_64 | 0.1-6 | 37.71 | 612.35 | 650.06 | OK | |
r-release-macos-x86_64 | 0.1-6 | ERROR | ||||
r-release-windows-ix86+x86_64 | 0.1-6 | 125.00 | 666.00 | 791.00 | OK | |
r-oldrel-macos-x86_64 | 0.1-6 | ERROR | ||||
r-oldrel-windows-ix86+x86_64 | 0.1-6 | 87.00 | 817.00 | 904.00 | OK |
Version: 0.1-6
Check: package dependencies
Result: ERROR
Package required but not available: ‘csaw’
See section ‘The DESCRIPTION file’ in the ‘Writing R Extensions’
manual.
Flavors: r-release-macos-x86_64, r-oldrel-macos-x86_64