CRAN Package Check Results for Package Biotech

Last updated on 2020-08-19 01:49:53 CEST.

Flavor Version Tinstall Tcheck Ttotal Status Flags
r-devel-linux-x86_64-debian-clang 1.0.0 5.14 27.96 33.10 OK
r-devel-linux-x86_64-debian-gcc 1.0.0 4.25 22.05 26.30 OK
r-devel-linux-x86_64-fedora-clang 1.0.0 49.34 NOTE
r-devel-linux-x86_64-fedora-gcc 1.0.0 39.10 NOTE
r-devel-windows-ix86+x86_64 1.0.0 32.00 72.00 104.00 OK
r-patched-linux-x86_64 1.0.0 5.02 27.36 32.38 OK
r-patched-solaris-x86 1.0.0 56.40 NOTE
r-release-linux-x86_64 1.0.0 5.95 27.44 33.39 OK
r-release-macos-x86_64 1.0.0 NOTE
r-oldrel-macos-x86_64 1.0.0 NOTE
r-oldrel-windows-ix86+x86_64 1.0.0 11.00 50.00 61.00 OK

Check Details

Version: 1.0.0
Check: dependencies in R code
Result: NOTE
    Namespace in Imports field not imported from: ‘tidyverse’
     All declared Imports should be used.
Flavors: r-devel-linux-x86_64-fedora-clang, r-devel-linux-x86_64-fedora-gcc, r-patched-solaris-x86, r-release-macos-x86_64, r-oldrel-macos-x86_64

Version: 1.0.0
Check: data for non-ASCII characters
Result: NOTE
     Note: found 2 marked UTF-8 strings
Flavors: r-devel-linux-x86_64-fedora-clang, r-devel-linux-x86_64-fedora-gcc, r-patched-solaris-x86, r-release-macos-x86_64, r-oldrel-macos-x86_64