Last updated on 2020-08-19 01:49:55 CEST.
Flavor | Version | Tinstall | Tcheck | Ttotal | Status | Flags |
---|---|---|---|---|---|---|
r-devel-linux-x86_64-debian-clang | 1.0.0 | 5.53 | 251.67 | 257.20 | OK | |
r-devel-linux-x86_64-debian-gcc | 1.0.0 | 3.71 | 198.87 | 202.58 | OK | |
r-devel-linux-x86_64-fedora-clang | 1.0.0 | 312.83 | NOTE | |||
r-devel-linux-x86_64-fedora-gcc | 1.0.0 | 312.17 | NOTE | |||
r-devel-windows-ix86+x86_64 | 1.0.0 | 13.00 | 285.00 | 298.00 | OK | |
r-patched-linux-x86_64 | 1.0.0 | 4.62 | 230.21 | 234.83 | OK | |
r-patched-solaris-x86 | 1.0.0 | 645.60 | NOTE | |||
r-release-linux-x86_64 | 1.0.0 | 4.48 | 233.62 | 238.10 | OK | |
r-release-macos-x86_64 | 1.0.0 | NOTE | ||||
r-release-windows-ix86+x86_64 | 1.0.0 | 14.00 | 219.00 | 233.00 | OK | |
r-oldrel-macos-x86_64 | 1.0.0 | NOTE | ||||
r-oldrel-windows-ix86+x86_64 | 1.0.0 | 8.00 | 218.00 | 226.00 | OK |
Version: 1.0.0
Check: dependencies in R code
Result: NOTE
Namespace in Imports field not imported from: ‘prettydoc’
All declared Imports should be used.
Flavors: r-devel-linux-x86_64-fedora-clang, r-devel-linux-x86_64-fedora-gcc, r-patched-solaris-x86, r-release-macos-x86_64, r-oldrel-macos-x86_64