CRAN Package Check Results for Package CPAT

Last updated on 2020-08-19 01:49:56 CEST.

Flavor Version Tinstall Tcheck Ttotal Status Flags
r-devel-linux-x86_64-debian-clang 0.1.0 40.28 88.38 128.66 OK
r-devel-linux-x86_64-debian-gcc 0.1.0 29.32 54.32 83.64 OK
r-devel-linux-x86_64-fedora-clang 0.1.0 167.80 NOTE
r-devel-linux-x86_64-fedora-gcc 0.1.0 135.88 NOTE
r-devel-windows-ix86+x86_64 0.1.0 99.00 201.00 300.00 OK
r-patched-linux-x86_64 0.1.0 33.55 71.52 105.07 OK
r-patched-solaris-x86 0.1.0 188.00 NOTE
r-release-linux-x86_64 0.1.0 28.52 71.79 100.31 OK
r-release-macos-x86_64 0.1.0 NOTE
r-release-windows-ix86+x86_64 0.1.0 97.00 164.00 261.00 OK
r-oldrel-macos-x86_64 0.1.0 NOTE
r-oldrel-windows-ix86+x86_64 0.1.0 70.00 181.00 251.00 OK

Check Details

Version: 0.1.0
Check: dependencies in R code
Result: NOTE
    Namespaces in Imports field not imported from:
     ‘Rdpack’ ‘grDevices’
     All declared Imports should be used.
Flavors: r-devel-linux-x86_64-fedora-clang, r-devel-linux-x86_64-fedora-gcc, r-patched-solaris-x86, r-release-macos-x86_64, r-oldrel-macos-x86_64