Last updated on 2020-08-19 01:49:56 CEST.
Flavor | Version | Tinstall | Tcheck | Ttotal | Status | Flags |
---|---|---|---|---|---|---|
r-devel-linux-x86_64-debian-clang | 1.0.2 | 4.87 | 30.72 | 35.59 | OK | |
r-devel-linux-x86_64-debian-gcc | 1.0.2 | 4.19 | 24.08 | 28.27 | OK | |
r-devel-linux-x86_64-fedora-clang | 1.0.2 | 51.53 | OK | |||
r-devel-linux-x86_64-fedora-gcc | 1.0.2 | 41.98 | OK | |||
r-devel-windows-ix86+x86_64 | 1.0.2 | 15.00 | 58.00 | 73.00 | OK | |
r-patched-linux-x86_64 | 1.0.2 | 4.81 | 31.02 | 35.83 | OK | |
r-patched-solaris-x86 | 1.0.2 | 62.00 | OK | |||
r-release-linux-x86_64 | 1.0.2 | 5.00 | 30.97 | 35.97 | OK | |
r-release-macos-x86_64 | 1.0.2 | OK | ||||
r-release-windows-ix86+x86_64 | 1.0.2 | 10.00 | 45.00 | 55.00 | OK | |
r-oldrel-macos-x86_64 | 1.0.2 | NOTE | ||||
r-oldrel-windows-ix86+x86_64 | 1.0.2 | 14.00 | 61.00 | 75.00 | OK |
Version: 1.0.2
Check: package dependencies
Result: NOTE
Package which this enhances but not available for checking: ‘RGtk2’
Flavor: r-oldrel-macos-x86_64