CRAN Package Check Results for Package CytobankAPI

Last updated on 2020-08-19 01:49:56 CEST.

Flavor Version Tinstall Tcheck Ttotal Status Flags
r-devel-linux-x86_64-debian-clang 1.3.0 8.95 42.15 51.10 OK
r-devel-linux-x86_64-debian-gcc 1.3.0 6.99 33.16 40.15 OK
r-devel-linux-x86_64-fedora-clang 1.3.0 70.21 OK
r-devel-linux-x86_64-fedora-gcc 1.3.0 61.25 OK
r-devel-windows-ix86+x86_64 1.3.0 24.00 77.00 101.00 OK
r-patched-linux-x86_64 1.3.0 9.10 41.94 51.04 OK
r-patched-solaris-x86 1.3.0 85.90 NOTE
r-release-linux-x86_64 1.3.0 10.56 42.00 52.56 OK
r-release-macos-x86_64 1.3.0 OK
r-release-windows-ix86+x86_64 1.3.0 21.00 55.00 76.00 OK
r-oldrel-macos-x86_64 1.3.0 OK
r-oldrel-windows-ix86+x86_64 1.3.0 12.00 72.00 84.00 OK

Check Details

Version: 1.3.0
Check: installed package size
Result: NOTE
     installed size is 5.2Mb
     sub-directories of 1Mb or more:
     doc 4.3Mb
Flavor: r-patched-solaris-x86