Last updated on 2020-08-19 01:49:56 CEST.
Flavor | Version | Tinstall | Tcheck | Ttotal | Status | Flags |
---|---|---|---|---|---|---|
r-devel-linux-x86_64-debian-clang | 0.99.37 | 94.64 | 328.57 | 423.21 | NOTE | |
r-devel-linux-x86_64-debian-gcc | 0.99.37 | 74.14 | 245.94 | 320.08 | NOTE | |
r-devel-linux-x86_64-fedora-clang | 0.99.37 | 517.37 | NOTE | |||
r-devel-linux-x86_64-fedora-gcc | 0.99.37 | 580.74 | NOTE | |||
r-devel-windows-ix86+x86_64 | 0.99.37 | 206.00 | 657.00 | 863.00 | NOTE | |
r-patched-linux-x86_64 | 0.99.37 | 79.08 | 322.27 | 401.35 | NOTE | |
r-patched-solaris-x86 | 0.99.37 | 546.60 | NOTE | |||
r-release-linux-x86_64 | 0.99.37 | 78.45 | 327.81 | 406.26 | NOTE | |
r-release-macos-x86_64 | 0.99.37 | NOTE | ||||
r-release-windows-ix86+x86_64 | 0.99.37 | 204.00 | 502.00 | 706.00 | NOTE | |
r-oldrel-macos-x86_64 | 0.99.37 | NOTE | ||||
r-oldrel-windows-ix86+x86_64 | 0.99.37 | 161.00 | 615.00 | 776.00 | NOTE |
Version: 0.99.37
Check: package dependencies
Result: NOTE
Package suggested but not available for checking: 'RDCOMClient'
Flavors: r-devel-linux-x86_64-debian-clang, r-devel-linux-x86_64-debian-gcc, r-devel-linux-x86_64-fedora-clang, r-devel-linux-x86_64-fedora-gcc, r-devel-windows-ix86+x86_64, r-patched-linux-x86_64, r-patched-solaris-x86, r-release-linux-x86_64, r-release-macos-x86_64, r-release-windows-ix86+x86_64, r-oldrel-macos-x86_64, r-oldrel-windows-ix86+x86_64
Version: 0.99.37
Check: installed package size
Result: NOTE
installed size is 8.7Mb
sub-directories of 1Mb or more:
R 1.6Mb
doc 1.7Mb
help 1.5Mb
libs 3.4Mb
Flavors: r-devel-linux-x86_64-fedora-clang, r-devel-windows-ix86+x86_64, r-patched-solaris-x86, r-release-macos-x86_64, r-release-windows-ix86+x86_64, r-oldrel-macos-x86_64, r-oldrel-windows-ix86+x86_64
Version: 0.99.37
Check: Rd cross-references
Result: NOTE
Undeclared packages ‘ineq’, ‘randtests’, ‘Hmisc’, ‘plotrix’, ‘caret’, ‘pcaPP’, ‘polycor’, ‘lmtest’, ‘car’, ‘gmp’, ‘vcdExtra’, ‘chron’, ‘coin’, ‘caTools’, ‘forecast’, ‘sfsmisc’, ‘vcd’, ‘corrgram’, ‘UsingR’, ‘memisc’, ‘gtools’, ‘BSDA’, ‘prettyR’ in Rd xrefs
Flavor: r-devel-linux-x86_64-fedora-clang
Version: 0.99.37
Check: dependencies in R code
Result: NOTE
No protocol specified
No protocol specified
Flavor: r-oldrel-macos-x86_64