Last updated on 2020-08-19 01:49:57 CEST.
Flavor | Version | Tinstall | Tcheck | Ttotal | Status | Flags |
---|---|---|---|---|---|---|
r-devel-linux-x86_64-debian-clang | 4.4 | 17.60 | 106.80 | 124.40 | OK | |
r-devel-linux-x86_64-debian-gcc | 4.4 | 12.58 | 78.98 | 91.56 | OK | |
r-devel-linux-x86_64-fedora-clang | 4.4 | 148.85 | NOTE | |||
r-devel-linux-x86_64-fedora-gcc | 4.4 | 137.66 | NOTE | |||
r-devel-windows-ix86+x86_64 | 4.4 | 40.00 | 170.00 | 210.00 | OK | |
r-patched-linux-x86_64 | 4.4 | 13.01 | 103.85 | 116.86 | OK | |
r-patched-solaris-x86 | 4.4 | 179.00 | NOTE | |||
r-release-linux-x86_64 | 4.4 | 15.57 | 103.83 | 119.40 | OK | |
r-release-macos-x86_64 | 4.4 | NOTE | ||||
r-release-windows-ix86+x86_64 | 4.4 | 36.00 | 121.00 | 157.00 | OK | |
r-oldrel-macos-x86_64 | 4.4 | WARN | ||||
r-oldrel-windows-ix86+x86_64 | 4.4 | 26.00 | 154.00 | 180.00 | OK |
Version: 4.4
Check: dependencies in R code
Result: NOTE
Namespace in Imports field not imported from: ‘MASS’
All declared Imports should be used.
Flavors: r-devel-linux-x86_64-fedora-clang, r-devel-linux-x86_64-fedora-gcc, r-patched-solaris-x86, r-release-macos-x86_64, r-oldrel-macos-x86_64
Version: 4.4
Check: whether package can be installed
Result: WARN
Found the following significant warnings:
Warning: 'rgl.init' failed, running with 'rgl.useNULL = TRUE'.
Flavor: r-oldrel-macos-x86_64