CRAN Package Check Results for Package DysPIA

Last updated on 2020-08-19 01:49:57 CEST.

Flavor Version Tinstall Tcheck Ttotal Status Flags
r-devel-linux-x86_64-debian-clang 1.3 23.58 39.54 63.12 OK
r-devel-linux-x86_64-debian-gcc 1.3 17.95 30.36 48.31 OK
r-devel-linux-x86_64-fedora-clang 1.3 89.67 NOTE
r-devel-linux-x86_64-fedora-gcc 1.3 75.76 OK
r-devel-windows-ix86+x86_64 1.3 60.00 111.00 171.00 NOTE
r-patched-linux-x86_64 1.3 19.29 38.16 57.45 OK
r-patched-solaris-x86 1.3 96.10 OK
r-release-linux-x86_64 1.3 20.04 38.29 58.33 OK
r-release-macos-x86_64 1.3 NOTE
r-release-windows-ix86+x86_64 1.3 66.00 74.00 140.00 NOTE
r-oldrel-macos-x86_64 1.3 NOTE
r-oldrel-windows-ix86+x86_64 1.3 44.00 77.00 121.00 NOTE

Check Details

Version: 1.3
Check: installed package size
Result: NOTE
     installed size is 5.3Mb
     sub-directories of 1Mb or more:
     data 4.0Mb
     libs 1.2Mb
Flavors: r-devel-linux-x86_64-fedora-clang, r-devel-windows-ix86+x86_64, r-release-macos-x86_64, r-release-windows-ix86+x86_64, r-oldrel-macos-x86_64, r-oldrel-windows-ix86+x86_64