Last updated on 2020-08-19 01:49:57 CEST.
Flavor | Version | Tinstall | Tcheck | Ttotal | Status | Flags |
---|---|---|---|---|---|---|
r-devel-linux-x86_64-debian-clang | 1.0 | 2.99 | 27.19 | 30.18 | NOTE | |
r-devel-linux-x86_64-debian-gcc | 1.0 | 2.20 | 21.55 | 23.75 | NOTE | |
r-devel-linux-x86_64-fedora-clang | 1.0 | 44.91 | NOTE | |||
r-devel-linux-x86_64-fedora-gcc | 1.0 | 35.11 | NOTE | |||
r-devel-windows-ix86+x86_64 | 1.0 | 9.00 | 58.00 | 67.00 | OK | |
r-patched-linux-x86_64 | 1.0 | 2.78 | 26.76 | 29.54 | NOTE | |
r-patched-solaris-x86 | 1.0 | 56.10 | NOTE | |||
r-release-linux-x86_64 | 1.0 | 2.80 | 26.94 | 29.74 | NOTE | |
r-release-macos-x86_64 | 1.0 | OK | ||||
r-release-windows-ix86+x86_64 | 1.0 | 10.00 | 41.00 | 51.00 | OK | |
r-oldrel-macos-x86_64 | 1.0 | OK | ||||
r-oldrel-windows-ix86+x86_64 | 1.0 | 6.00 | 54.00 | 60.00 | OK |
Version: 1.0
Check: for non-standard things in the check directory
Result: NOTE
Found the following files/directories:
'tmplp.dat'
Flavors: r-devel-linux-x86_64-debian-clang, r-devel-linux-x86_64-debian-gcc, r-devel-linux-x86_64-fedora-clang, r-devel-linux-x86_64-fedora-gcc, r-patched-linux-x86_64, r-patched-solaris-x86, r-release-linux-x86_64