CRAN Package Check Results for Package Ecfun

Last updated on 2020-08-19 01:49:57 CEST.

Flavor Version Tinstall Tcheck Ttotal Status Flags
r-devel-linux-x86_64-debian-clang 0.2-2 16.04 138.48 154.52 OK
r-devel-linux-x86_64-debian-gcc 0.2-2 13.03 104.40 117.43 OK
r-devel-linux-x86_64-fedora-clang 0.2-2 192.16 NOTE
r-devel-linux-x86_64-fedora-gcc 0.2-2 178.46 OK
r-devel-windows-ix86+x86_64 0.2-2 35.00 211.00 246.00 OK
r-patched-linux-x86_64 0.2-2 15.27 137.38 152.65 OK
r-patched-solaris-x86 0.2-2 255.00 OK
r-release-linux-x86_64 0.2-2 12.74 135.20 147.94 OK
r-release-macos-x86_64 0.2-2 OK
r-release-windows-ix86+x86_64 0.2-2 33.00 164.00 197.00 OK
r-oldrel-macos-x86_64 0.2-2 OK
r-oldrel-windows-ix86+x86_64 0.2-2 22.00 198.00 220.00 OK

Check Details

Version: 0.2-2
Check: Rd cross-references
Result: NOTE
    Undeclared packages ‘EnvStats’, ‘drc’, ‘zoo’, ‘openxlsx’, ‘prodlim’, ‘plyr’, ‘TRAMPR’, ‘raster’ in Rd xrefs
Flavor: r-devel-linux-x86_64-fedora-clang