CRAN Package Check Results for Package EstHer

Last updated on 2020-08-19 01:49:58 CEST.

Flavor Version Tinstall Tcheck Ttotal Status Flags
r-devel-linux-x86_64-debian-clang 1.0 36.59 72.81 109.40 OK
r-devel-linux-x86_64-debian-gcc 1.0 25.25 56.18 81.43 OK
r-devel-linux-x86_64-fedora-clang 1.0 145.12 NOTE
r-devel-linux-x86_64-fedora-gcc 1.0 129.39 NOTE
r-devel-windows-ix86+x86_64 1.0 90.00 157.00 247.00 OK
r-patched-linux-x86_64 1.0 26.83 71.76 98.59 OK
r-patched-solaris-x86 1.0 171.30 OK
r-release-linux-x86_64 1.0 28.01 71.12 99.13 OK
r-release-macos-x86_64 1.0 OK
r-release-windows-ix86+x86_64 1.0 88.00 123.00 211.00 OK
r-oldrel-macos-x86_64 1.0 OK
r-oldrel-windows-ix86+x86_64 1.0 61.00 142.00 203.00 OK

Check Details

Version: 1.0
Check: compiled code
Result: NOTE
    File ‘EstHer/libs/EstHer.so’:
     Found no calls to: ‘R_registerRoutines’, ‘R_useDynamicSymbols’
    
    It is good practice to register native routines and to disable symbol
    search.
    
    See ‘Writing portable packages’ in the ‘Writing R Extensions’ manual.
Flavors: r-devel-linux-x86_64-fedora-clang, r-devel-linux-x86_64-fedora-gcc