CRAN Package Check Results for Package FCSlib

Last updated on 2020-08-19 01:49:58 CEST.

Flavor Version Tinstall Tcheck Ttotal Status Flags
r-devel-linux-x86_64-debian-clang 1.1.1 5.45 23.83 29.28 OK
r-devel-linux-x86_64-debian-gcc 1.1.1 4.70 18.96 23.66 OK
r-devel-linux-x86_64-fedora-clang 1.1.1 46.06 OK
r-devel-linux-x86_64-fedora-gcc 1.1.1 36.86 OK
r-devel-windows-ix86+x86_64 1.1.1 12.00 51.00 63.00 OK
r-patched-linux-x86_64 1.1.1 5.41 24.12 29.53 OK
r-patched-solaris-x86 1.1.1 59.30 NOTE
r-release-linux-x86_64 1.1.1 5.58 23.92 29.50 OK
r-release-macos-x86_64 1.1.1 OK
r-release-windows-ix86+x86_64 1.1.1 13.00 48.00 61.00 OK
r-oldrel-macos-x86_64 1.1.1 OK
r-oldrel-windows-ix86+x86_64 1.1.1 7.00 35.00 42.00 OK

Check Details

Version: 1.1.1
Check: installed package size
Result: NOTE
     installed size is 5.0Mb
     sub-directories of 1Mb or more:
     data 4.9Mb
Flavor: r-patched-solaris-x86