CRAN Package Check Results for Package FusionLearn

Last updated on 2020-08-19 01:49:59 CEST.

Flavor Version Tinstall Tcheck Ttotal Status Flags
r-devel-linux-x86_64-debian-clang 0.1.1 4.42 75.13 79.55 NOTE
r-devel-linux-x86_64-debian-gcc 0.1.1 3.39 55.49 58.88 NOTE
r-devel-linux-x86_64-fedora-clang 0.1.1 98.12 OK
r-devel-linux-x86_64-fedora-gcc 0.1.1 90.16 OK
r-devel-windows-ix86+x86_64 0.1.1 11.00 103.00 114.00 NOTE
r-patched-linux-x86_64 0.1.1 4.44 72.89 77.33 NOTE
r-patched-solaris-x86 0.1.1 170.10 OK
r-release-linux-x86_64 0.1.1 4.20 72.91 77.11 NOTE
r-release-macos-x86_64 0.1.1 OK
r-release-windows-ix86+x86_64 0.1.1 12.00 77.00 89.00 NOTE
r-oldrel-macos-x86_64 0.1.1 OK
r-oldrel-windows-ix86+x86_64 0.1.1 7.00 100.00 107.00 OK

Check Details

Version: 0.1.1
Check: package vignettes
Result: NOTE
    Package vignette with placeholder title 'Vignette Title':
     'FusionLearn.Rmd'
Flavors: r-devel-linux-x86_64-debian-clang, r-devel-linux-x86_64-debian-gcc, r-devel-windows-ix86+x86_64, r-patched-linux-x86_64, r-release-linux-x86_64, r-release-windows-ix86+x86_64