CRAN Package Check Results for Package GCPM

Last updated on 2020-08-19 01:49:59 CEST.

Flavor Version Tinstall Tcheck Ttotal Status Flags
r-devel-linux-x86_64-debian-clang 1.2.2 18.74 46.02 64.76 OK
r-devel-linux-x86_64-debian-gcc 1.2.2 14.77 35.86 50.63 OK
r-devel-linux-x86_64-fedora-clang 1.2.2 89.06 NOTE
r-devel-linux-x86_64-fedora-gcc 1.2.2 78.09 NOTE
r-devel-windows-ix86+x86_64 1.2.2 49.00 117.00 166.00 OK
r-patched-linux-x86_64 1.2.2 16.10 45.12 61.22 OK
r-patched-solaris-x86 1.2.2 112.90 OK
r-release-linux-x86_64 1.2.2 16.52 45.37 61.89 OK
r-release-macos-x86_64 1.2.2 OK
r-release-windows-ix86+x86_64 1.2.2 48.00 91.00 139.00 OK
r-oldrel-macos-x86_64 1.2.2 OK
r-oldrel-windows-ix86+x86_64 1.2.2 32.00 113.00 145.00 OK

Check Details

Version: 1.2.2
Check: compiled code
Result: NOTE
    File ‘GCPM/libs/GCPM.so’:
     Found no calls to: ‘R_registerRoutines’, ‘R_useDynamicSymbols’
    
    It is good practice to register native routines and to disable symbol
    search.
    
    See ‘Writing portable packages’ in the ‘Writing R Extensions’ manual.
Flavors: r-devel-linux-x86_64-fedora-clang, r-devel-linux-x86_64-fedora-gcc