Last updated on 2020-08-19 01:49:59 CEST.
Flavor | Version | Tinstall | Tcheck | Ttotal | Status | Flags |
---|---|---|---|---|---|---|
r-devel-linux-x86_64-debian-clang | 2.8.0 | 252.39 | 98.45 | 350.84 | OK | |
r-devel-linux-x86_64-debian-gcc | 2.8.0 | 185.84 | 73.08 | 258.92 | OK | |
r-devel-linux-x86_64-fedora-clang | 2.8.0 | 483.29 | NOTE | |||
r-devel-linux-x86_64-fedora-gcc | 2.8.0 | 444.86 | OK | |||
r-devel-windows-ix86+x86_64 | 2.8.0 | 622.00 | 199.00 | 821.00 | OK | |
r-patched-linux-x86_64 | 2.8.0 | 207.69 | 96.03 | 303.72 | OK | |
r-patched-solaris-x86 | 2.8.0 | 378.20 | OK | |||
r-release-linux-x86_64 | 2.8.0 | 200.62 | 96.42 | 297.04 | OK | |
r-release-macos-x86_64 | 2.8.0 | NOTE | ||||
r-release-windows-ix86+x86_64 | 2.8.0 | 605.00 | 147.00 | 752.00 | OK | |
r-oldrel-macos-x86_64 | 2.8.0 | NOTE | ||||
r-oldrel-windows-ix86+x86_64 | 2.8.0 | 444.00 | 188.00 | 632.00 | OK |
Version: 2.8.0
Check: installed package size
Result: NOTE
installed size is 15.5Mb
sub-directories of 1Mb or more:
libs 14.5Mb
Flavors: r-devel-linux-x86_64-fedora-clang, r-release-macos-x86_64, r-oldrel-macos-x86_64