Last updated on 2020-08-19 01:50:00 CEST.
Flavor | Version | Tinstall | Tcheck | Ttotal | Status | Flags |
---|---|---|---|---|---|---|
r-devel-linux-x86_64-debian-clang | 1.0.3 | 176.73 | 64.50 | 241.23 | NOTE | |
r-devel-linux-x86_64-debian-gcc | 1.0.3 | 136.76 | 50.88 | 187.64 | NOTE | |
r-devel-linux-x86_64-fedora-clang | 1.0.3 | 338.94 | NOTE | |||
r-devel-linux-x86_64-fedora-gcc | 1.0.3 | 316.80 | NOTE | |||
r-devel-windows-ix86+x86_64 | 1.0.3 | 405.00 | 161.00 | 566.00 | WARN | |
r-patched-linux-x86_64 | 1.0.3 | 142.42 | 67.39 | 209.81 | NOTE | |
r-patched-solaris-x86 | 1.0.3 | 310.40 | NOTE | |||
r-release-linux-x86_64 | 1.0.3 | 145.61 | 66.99 | 212.60 | NOTE | |
r-release-macos-x86_64 | 1.0.3 | NOTE | ||||
r-release-windows-ix86+x86_64 | 1.0.3 | 398.00 | 137.00 | 535.00 | WARN | |
r-oldrel-macos-x86_64 | 1.0.3 | NOTE | ||||
r-oldrel-windows-ix86+x86_64 | 1.0.3 | 305.00 | 151.00 | 456.00 | NOTE |
Version: 1.0.3
Check: for GNU extensions in Makefiles
Result: NOTE
GNU make is a SystemRequirements.
Flavors: r-devel-linux-x86_64-debian-clang, r-devel-linux-x86_64-debian-gcc, r-devel-linux-x86_64-fedora-clang, r-devel-linux-x86_64-fedora-gcc, r-devel-windows-ix86+x86_64, r-patched-linux-x86_64, r-patched-solaris-x86, r-release-linux-x86_64, r-release-macos-x86_64, r-release-windows-ix86+x86_64, r-oldrel-macos-x86_64, r-oldrel-windows-ix86+x86_64
Version: 1.0.3
Check: installed package size
Result: NOTE
installed size is 13.6Mb
sub-directories of 1Mb or more:
libs 13.5Mb
Flavors: r-devel-linux-x86_64-fedora-clang, r-release-macos-x86_64, r-oldrel-macos-x86_64
Version: 1.0.3
Check: whether package can be installed
Result: WARN
Found the following significant warnings:
kmppini.cpp:241:14: warning: 'void* memcpy(void*, const void*, size_t)' forming offset [5, 8] is out of the bounds [0, 4] of object 'sed' with type 'std::size_t' {aka 'unsigned int'} [-Warray-bounds]
kmppini.cpp:275:14: warning: 'void* memcpy(void*, const void*, size_t)' forming offset [5, 8] is out of the bounds [0, 4] of object 'sed' with type 'std::size_t' {aka 'unsigned int'} [-Warray-bounds]
Flavors: r-devel-windows-ix86+x86_64, r-release-windows-ix86+x86_64